e greatest common factor of a and 5.
5
Let l = -696 - -732. Calculate the greatest common divisor of 438 and l.
6
Let y(b) = -91*b**3 + 2*b**2 + b. Let p be y(-1). Let t(z) = 215*z + 1958. Let q be t(-9). What is the greatest common divisor of p and q?
23
Let g(q) = 7*q - 9. Let u be g(7). Let f = 2537 + -2497. What is the highest common factor of u and f?
40
Suppose 0 = -2*d + 8 + 52. Let o be (-1)/((-272)/90 + -1 + 4). Calculate the greatest common divisor of d and o.
15
Let z be 5181/9 - (8 - (-125)/(-15)). Calculate the highest common factor of z and 9.
9
Let r = -3849 - -6964. What is the highest common divisor of 35 and r?
35
Let u(q) = 121*q - 8. Let h be u(4). What is the greatest common divisor of 28 and h?
28
Suppose -124*f + 117*f = -126. Calculate the greatest common factor of f and 54.
18
Suppose f = 6*f - 80. Suppose 0 = -n - 5*u - 16, -u - f = 3*u. Suppose -80 = -n*y - 4*c, 5*y - 62 - 29 = 4*c. What is the highest common factor of 38 and y?
19
Let h be (-5 + 16)*((-1 - -21) + -1). Calculate the highest common factor of h and 19.
19
Suppose 299 = -k + 4*k + 2*l, -l - 204 = -2*k. Let a = 186 - k. Calculate the highest common factor of a and 34.
17
Suppose 0*y + y + 2*d - 30 = 0, 4*y + d = 155. Calculate the highest common factor of y and 15.
5
Let v(g) = -2 + 1 + 0 + 31*g**2 - 6*g**2 - g. Let y be v(-1). Suppose -1 = -5*o - 3*a, 0 = 2*o + 3*o - 5*a - y. Calculate the greatest common factor of o and 4.
2
Suppose -17*f = -45*f + 5152. Suppose -3*h = -h - 46. Calculate the greatest common divisor of f and h.
23
Suppose 54*x - 1872 = 48*x. Calculate the greatest common divisor of 39 and x.
39
Let h = 119 + -113. What is the greatest common factor of 174 and h?
6
Let i(x) = 2*x**2 - 44*x + 3. Let q be i(22). Suppose -2*w + 73 = 3*f, 2*w + 30 = q*w - 5*f. Calculate the highest common factor of w and 7.
7
Let n = -153 + 233. Suppose 6*b + 197 = 257. What is the greatest common divisor of b and n?
10
Let w = -39 - -43. Suppose -4*u + 2184 = w*u. Calculate the greatest common divisor of 13 and u.
13
Let r(p) = 59*p + 1. Let j be r(1). Let z(y) = y**2 - 5*y + 14. Let n be z(6). Calculate the greatest common factor of n and j.
20
Suppose -2*r = 3*r - 60. Let v(y) = 7 + 15 + 2*y + y - 4*y. Let u be v(r). What is the highest common factor of u and 5?
5
Let z(r) = 9 - 5*r + 12*r - 8*r. Let a be z(3). Let u(h) = h**2 + 4*h - 1. Let m be u(-5). What is the greatest common divisor of m and a?
2
Let c(m) = m**3 - 19*m**2 + 63*m - 15. Let v be c(15). Calculate the greatest common divisor of v and 45.
15
Let l = 1 - -2. Suppose 0 = l*h - 14 + 47. Let m be -1 - (-2 + 0) - h. What is the greatest common divisor of 108 and m?
12
Suppose -5*z = 5*x - 80, -47 = -17*z + 15*z - 5*x. What is the highest common factor of z and 8?
1
Let g be (-4)/2*-3*(-3)/(-9). Suppose 2*r - 14 = -g. Let t = -3 - -21. What is the greatest common factor of t and r?
6
Let l be 24/10*40/12. Let f = -16 - -17. Suppose -3*z = u - 5*u + 4, -u - 3*z = -f. What is the highest common factor of l and u?
1
Suppose 38 = z - 13*v + 10*v, 0 = -2*z - v + 48. What is the greatest common factor of z and 234?
26
Let j be 12 - (-840)/(1 + 9). Calculate the highest common factor of 48 and j.
48
Let a = -2 + 1. Let c be a + (1 - 3) - -15. Suppose 10 - c = -2*s. What is the greatest common divisor of 11 and s?
1
Suppose -4*o + 2*n = -n - 183, -3*n - 228 = -5*o. Let m be (9/(-2))/((-69)/460). Calculate the greatest common factor of m and o.
15
Let j be 4 - (-3 + -7 + -2). What is the highest common factor of j and 16?
16
Suppose r - 187 = 3*w + 29, -2*r = -w - 432. What is the highest common divisor of r and 540?
108
Suppose 52*m - 48*m - 440 = 0. What is the greatest common factor of m and 30?
10
Suppose -4*h - 2*s + 6*s + 308 = 0, -400 = -5*h + 2*s. What is the highest common factor of h and 1066?
82
Suppose -h = -62 + 44. Let m = 156 - 107. Suppose 5*o = 5*s + 40, 0*s = 5*o + 4*s - m. What is the highest common divisor of o and h?
9
Let x be (-1086)/(-17) + -9 + 1395/153. Calculate the highest common divisor of 160 and x.
32
Let s = -707 + 1880. Calculate the highest common factor of s and 69.
69
Let n(l) be the second derivative of -l**3/6 + 2*l. Let v be n(14). Let q be (-11)/(77/18)*v. What is the greatest common factor of q and 9?
9
Suppose 2*l - l = 5*b - 58, 2*l = -6. Let p be 790/8 + (-2)/8 + (-22)/(-44). What is the greatest common factor of b and p?
11
Let i be (2 - -1)/(9/12). Suppose 19 = -i*s + 55. Let n be (-9)/2*((-35)/(-7) + -15). Calculate the greatest common divisor of s and n.
9
Suppose 9*x - 2*x = -294. Let z be (-15)/x*-4*(6 - 13). Let q(d) = 2*d**3 - 5*d**2 - 4*d + 5. Let v be q(5). Calculate the greatest common factor of v and z.
10
Let q(r) = 2*r**2 - 73*r + 477. Let d be q(29). Suppose w = -5*l + 29, -7*l + 40 = 2*w - 3*l. What is the greatest common factor of w and d?
14
Suppose 0 = -2*w - 3*n + 113, -4*n + n + 223 = 4*w. Let f = -45 + w. What is the greatest common factor of 25 and f?
5
Suppose 8*q - 5*q + 1938 = 3*s, 5*q + 2586 = 4*s. Calculate the highest common factor of 28 and s.
28
Suppose -2*n - 284 = -2*w - 2376, -3*n = 5*w - 3170. Calculate the highest common divisor of 126 and n.
42
Let y be (-25)/(-5) - (-2 - -1). Suppose 7*s + 622 = y*s. Let c = -413 - s. Calculate the highest common factor of 19 and c.
19
Let j be (2 - (-91 + -6))/(3/2). Calculate the greatest common factor of 88 and j.
22
Let k = 648 - 616. Calculate the highest common divisor of k and 592.
16
Suppose 25*i - 120 = 20*i. Let v be 60/6 - 2/(-1). Calculate the highest common factor of v and i.
12
Let z be 1*103 - (0 - 2). Suppose 20*s - 25*s + 20 = 0. Suppose -d = -5*r - 3*d + 97, -s*r = 5*d - 64. Calculate the greatest common factor of z and r.
21
Suppose 3*r = -24 - 72. Let p = r + 60. Suppose 0*m = 6*m - 84. Calculate the highest common divisor of p and m.
14
Let t = -4 + 24. Suppose -3*d = 4*d - 56. Suppose d*v = 25 + 7. Calculate the highest common divisor of t and v.
4
Let c = 706 + -451. What is the highest common factor of c and 816?
51
Suppose 5*k - 31 + 1516 = 0. Let d = -76 - k. Let t = d + 9. What is the highest common divisor of t and 23?
23
Let h = 808 - 424. What is the highest common factor of h and 24?
24
Let h be 1/10 + 64539/1010. What is the greatest common factor of 2752 and h?
64
Suppose 4*i - m - 250 = 0, -i - 4*m = -54 - 0. What is the highest common factor of i and 1?
1
Let l(n) = -n + 8. Suppose 2*p - 4*i = -3*p - 10, 0 = -2*p + i - 7. Let c = p - -13. Let y be l(c). What is the highest common factor of 1 and y?
1
Let h(s) = 2*s**2 + 24*s + 50. Let c be h(-2). What is the highest common divisor of 590 and c?
10
Suppose 4*x - 2*b = -8 + 32, 12 = 2*x - 4*b. Let d = x + 99. What is the greatest common divisor of d and 21?
21
Let v(m) = -16 + 2*m + 6*m**2 + m**3 + 0*m**3 + 16. Let k be v(-5). What is the greatest common factor of 165 and k?
15
Suppose -8*s + 985 = 201. What is the greatest common divisor of 245 and s?
49
Let u be -7*-3*(-2)/6. Let t(i) = i**2 + 4*i - 12. Let k be t(u). What is the greatest common factor of k and 9?
9
Suppose -21*c = -580 + 160. Calculate the highest common factor of c and 940.
20
Suppose 5*w + 6*x - x = 530, 2*x - 420 = -4*w. Suppose 4*a - 57 - 47 = 0. Calculate the greatest common divisor of w and a.
26
Let n be (2 + 1 + -2)*-61. Let g = n - -97. What is the greatest common divisor of 54 and g?
18
Let u(b) = b + 28. Let k be u(-23). Suppose -3*a = k*n - 25, -a = 4*a. Calculate the highest common factor of 35 and n.
5
Suppose -p + 2 = -52. Suppose 5*i = -43*i + 288. Calculate the greatest common factor of p and i.
6
Let n = 1182 - 633. Calculate the greatest common factor of n and 61.
61
Let h be ((-23)/(-3))/((-1)/(-3)). Suppose 3*d = -5*r + 48, -d + 0*d = 4. Let l(s) = 2*s - 1. Let z be l(r). Calculate the highest common divisor of z and h.
23
Suppose 3*b + 5*a - 688 = 0, 4*b + b - 1176 = -a. Calculate the highest common divisor of b and 4.
4
Let m(t) = -t**2 - t**2 + 6 - t**3 - 2 + 3*t. Let z = -337 + 333. Let k be m(z). What is the greatest common divisor of k and 8?
8
Suppose 4 = -5*w + 134. Let o = w + -20. Let g be (o/9)/(4/6). What is the highest common factor of g and 8?
1
Let k(s) = -4*s + 4 + 19 + 3. Let x be k(-11). Let i